0. Let w = -6 + f. What are the prime factors of w?
3
Let v(h) = h - 5. Suppose -5*z - 80 = -5*p, 3*z - 52 = -4*p + z. List the prime factors of v(p).
3
Let l be -1*(-2)/(-6)*-147. Suppose 5*n - 4*z + 2*z = 63, 4*z + l = 3*n. What are the prime factors of n?
11
Suppose 5*x - 4*j - 246 = 0, -222 = -5*x - j - j. What are the prime factors of x?
2, 23
Let d(p) = p**2 - 9*p - 3. Let t be d(5). Let z = t + 7. Let y = -8 - z. What are the prime factors of y?
2
Suppose -2*k - q - 5 = -3*k, -4*k - q = -15. What are the prime factors of k?
2
Let p(w) = -4*w + 230. List the prime factors of p(0).
2, 5, 23
Let o(z) = -z**2 + 23*z + 30. List the prime factors of o(15).
2, 3, 5
Let c(v) = -5*v**2 + v**3 - 8 - 3*v**2 + 5*v**2 - 6*v**3. Let p(i) = -2*i**3 - i**2 - 3. Let d(k) = -3*c(k) + 8*p(k). What are the prime factors of d(-2)?
2, 3
Let c(x) = x**3 + 7*x**2 + x - 1. Let z be c(-6). What are the prime factors of z/3 + (-7)/(-21)?
2, 5
List the prime factors of 12/28 + 54/21.
3
Let p(d) be the third derivative of -d**5/60 + 7*d**4/24 - 3*d**3/2 - d**2. Let m be p(6). What are the prime factors of (42/(-15))/(m/15)?
2, 7
Suppose -t - 16 = -3*u, 2*u - t = -1 + 12. Let y be (-5 - -1) + -2 + u. Let j(v) = 4*v**2. List the prime factors of j(y).
2
Suppose 4 = -2*r - 2. Let j be 26 - (-1 - -1*1). What are the prime factors of 2/r - j/(-3)?
2
Let i be (5/(-10))/((-2)/60). Let h = 23 - i. List the prime factors of h.
2
Suppose 0 = 2*r + 2*r - 92. What are the prime factors of r?
23
Suppose -2*o + 4*i - 9 + 55 = 0, 2*o - 5*i = 48. Let d = -10 + o. List the prime factors of d.
3
Suppose 4 - 9 = 2*l - 3*t, -3*l - 5*t = -21. Suppose -25 = -3*n - l*n. Suppose -n*j - 3*v + 10 = 0, -4*j + 2*j + 4*v = -30. List the prime factors of j.
5
Let x = -7 - -9. List the prime factors of x/8 - 275/(-20).
2, 7
Let k = -8 - -11. Suppose k = x - 5. List the prime factors of ((-26)/4)/((-4)/x).
13
Suppose 3*u = -4*f + 95, 3*u - 5*u - 2*f + 66 = 0. Let m be u/(-4) + (-3)/(-12). Let i(n) = -n - 1. What are the prime factors of i(m)?
2
Suppose -434 = -13*z + 6*z. List the prime factors of z.
2, 31
Let z(x) = -3*x - 1. Let t be z(-1). Suppose t*y - 13 = 19. List the prime factors of y.
2
Let b(o) = -o**3 + 4*o**2 + 6*o - 3. Let w be b(5). Let a be (w/((-6)/21))/1. Let v = a + 11. List the prime factors of v.
2
Let h(l) = -l**2 + 12 + 3*l**3 + 0*l**2 + 3*l**3 - 7*l**3. What are the prime factors of h(0)?
2, 3
List the prime factors of 3/(3*(-2)/(-36)).
2, 3
Suppose 9*g - 10*g = -4*n - 38, -5*g + 2*n + 154 = 0. What are the prime factors of g?
2, 3, 5
Suppose 3*n - 12 = 3*y + 6, 5*n + 4*y = 57. List the prime factors of n.
3
Suppose -7*r - 22 = -8*r. What are the prime factors of r?
2, 11
Suppose 60 = -2*c + 6*c. Let n = -1 + c. What are the prime factors of n?
2, 7
Suppose 0 = -6*n + n. Let a = 0 - n. Suppose a*g + 5 = g. What are the prime factors of g?
5
Suppose 5*j - 703 = 4*s, s = 2 + 1. Suppose k + 3*l + 16 - 56 = 0, 5*k - 4*l = j. List the prime factors of k.
31
Suppose 5 = u - 4*z - 25, 2*u + 5*z = 21. Let h = 37 - u. What are the prime factors of h?
19
Let q be (7 - 3/3) + 2. Let l = q - -2. List the prime factors of l.
2, 5
Suppose -4*t = 26 - 542. What are the prime factors of t?
3, 43
List the prime factors of (-3)/12 - (-185)/4.
2, 23
Let t(p) = -p**2 + 4*p - 3. Let z be t(3). Suppose z = -y + 3 + 4. List the prime factors of y.
7
Let u(a) = 16*a + 75. What are the prime factors of u(13)?
283
Let x = 0 - -34. What are the prime factors of x?
2, 17
Let c(v) = v**2 - 15*v + 52. What are the prime factors of c(14)?
2, 19
Let o = 3 + -3. Let u(c) = o*c**2 + c**3 + 0*c**2 - c**2 + 9. List the prime factors of u(0).
3
Suppose 2*s - 2 = 0, -s + 4*s - 98 = 5*q. Let i = q + 9. Let z = -6 - i. List the prime factors of z.
2
Let l(c) = c**2 + 5*c + 3. Let t be l(-5). Let k = t - 2. Suppose -3*f - 3*q = -30, 4*q = 2*f + k + 3. What are the prime factors of f?
2, 3
Suppose -3*p = 9, 0 = -2*x - 4*p - 8 + 2. What are the prime factors of (-14)/(-3)*x + 2?
2
Suppose j = -2*j + 2*q + 45, -26 = -j - 3*q. Let h = -14 - -3. Let b = h + j. What are the prime factors of b?
2, 3
Suppose -4*a = 2*x - 270, 2*a - 126 = 2*x - 0*x. List the prime factors of a.
2, 3, 11
Let y(n) = -n. Let s be y(4). Let b = s + 6. What are the prime factors of b?
2
Suppose -5*g + 10*g = 70. Suppose z = -z + g. List the prime factors of z*-2*3/(-6).
7
Let w(z) = z**2 + 22*z + 18. Let l be w(-17). Let j = l - -107. List the prime factors of j.
2, 5
Let r(h) = -h**2 - 2*h + 102. List the prime factors of r(0).
2, 3, 17
Suppose -2*a - 4*y = 2, 4 = -a - 3*y + 1. What are the prime factors of a?
3
Let g(p) = -7*p**2 + 3*p + p + 0*p + 6*p**2. What are the prime factors of g(3)?
3
Let y = 186 + -102. List the prime factors of y.
2, 3, 7
Let d = -9 - 23. List the prime factors of (d + 4 + -1)*-1.
29
Suppose 0 = -2*x - 5*a - 8, 1 = -0*x - x - 4*a. Let f = 7 - x. What are the prime factors of f?
2
Let y(o) = -o - 1. Let g(x) = -4*x**2 - 5*x - 5. Let i(z) = -g(z) + 4*y(z). What are the prime factors of i(2)?
19
Let m = 0 - -15. List the prime factors of m.
3, 5
Let y = -4 + 16. Let b be (-1)/3 - 13/(-3). Suppose -z - g + y = 0, z + b - 8 = 3*g. List the prime factors of z.
2, 5
List the prime factors of (-3)/((-60)/(-32) + -2).
2, 3
Let o be ((-13)/(-3))/((-3)/(-18)). Let m = o + -14. List the prime factors of (-1*m)/((-3)/2).
2
Suppose 2*g + 7 = -2*w + 1, 5*g = w + 3. Suppose 4*v = -8, 4*b + 3*v = -g*v - 46. Let a = 22 + b. List the prime factors of a.
2, 3
List the prime factors of 16/(-20) - 836/(-20).
41
Let x(w) = -w**2 - 7*w. Let v be x(-7). Suppose v = 4*n - 7*n + 66. What are the prime factors of n?
2, 11
Let i = -6 + 4. What are the prime factors of (-3)/6 + (-33)/i?
2
Suppose 2*g - 296 = -3*b + 19, 3*g - 480 = 3*b. What are the prime factors of g?
3, 53
Suppose 83 + 11 = 2*f. What are the prime factors of f?
47
Let x = -10 - -48. List the prime factors of x.
2, 19
Suppose -4*l + 1 = -k - 1, -4*k + 5*l - 8 = 0. Let q be k + 0 + 1 - 0. Let x(j) = 6*j**2 + j + 1. What are the prime factors of x(q)?
2, 3
Suppose 0*u + 57 = 3*u. What are the prime factors of u?
19
Let s = 14 + -14. Suppose s = 2*c + 2*c - 60. List the prime factors of c.
3, 5
Let d = -11 - -17. Let v be 3/(-9) + 32/d. Suppose -u + 6*u - 35 = 5*s, -u + v = s. What are the prime factors of u?
2, 3
Let d(u) = u**3 + 13*u**2 - 4*u - 14. What are the prime factors of d(-13)?
2, 19
Suppose s - 8 = -2*q, 3*q - 1 = -3*s + 8. List the prime factors of q.
5
Suppose -2*y + 2*n = -66, 5*n + 2 + 8 = 0. What are the prime factors of y?
31
Let s = 4 + -4. Suppose -6*o + 2*o + 2*y + 10 = 0, 4*y - 12 = s. List the prime factors of o.
2
Let x = 125 - 85. List the prime factors of x.
2, 5
Let x = 1 + -1. Let n = 2 + x. Suppose o + n*o - 12 = 0. What are the prime factors of o?
2
Let z(v) = -21*v - 3. List the prime factors of z(-1).
2, 3
Let o(g) = 2*g + 7. List the prime factors of o(9).
5
Let a be 1/(-1*(-2)/58). Let u be 3/(((-45)/6)/(-5)). Suppose 5*s + k = 79, -k + a = u*s - 5. List the prime factors of s.
3, 5
Let u = -24 + 35. Let t(c) = c**3 - 13*c**2 + 12*c + 4. Let h be t(12). Suppose -5*x = 3*p - p - 55, -x + h*p = u. List the prime factors of x.
3
Let l(x) be the third derivative of x**6/120 + 2*x**5/15 - 11*x**4/24 - x**3/3 + 3*x**2. What are the prime factors of l(-9)?
2
Let p(z) = z**2 + 4*z + 5. Let h be p(-5). Let j(n) = 0 + 0 + h*n**3 + n**2 - 11*n**3. List the prime factors of j(-1).
2
Suppose -60 = 6*a - 3*a. What are the prime factors of (-415)/a - 1/(-4)?
3, 7
Suppose 0*w = 4*w - 8. Let u be (12/(-18))/(w/(-15)). Let f = u + 10. What are the prime factors of f?
3, 5
List the prime factors of (1 - 8) + 4 + 69.
2, 3, 11
Let k(h) = -h**3 - 7*h**2 - 4*h. What are the prime factors of k(-7)?
2, 7
Let w = -33 + 66. List the prime factors of w.
3, 11
Let s(a) = a + 4. Let c(k) = 2*k**2 + 2*k - 4. Let x be c(-3). List the prime factors of s(x).
2, 3
Suppose 0 = o - 3*s - 18 - 11, 58 = 2*o - 4*s. Let r = o + -43. Let k = -4 - r. What are the prime factors of k?
2, 5
Suppose 0 = -4*k + 3*b + 85, 0 = 5*k - 5*b - 69 - 41. Suppose 3*u - 5*n = -n - 11, 2*n - k = -3*u. What are the prime factors of u?
3
Suppose -3*b - q = -2*b - 11, 3*q - 21 = -b. List the prime factors